vided by k?
5
Let u = 79 - -68. Let d = 261 - u. Calculate the remainder when d is divided by 29.
27
What is the remainder when 116 is divided by 1/(-2 - (3 + (-1480)/295))?
57
Let k(b) = 3*b - 1. Let h be k(2). Suppose -3*c + 3*o + 27 = 0, h*c - 5 = -o + 10. Calculate the remainder when 32 is divided by (-18)/(-24) - (-41)/c.
10
Let p be ((-4)/6)/((-5)/300). Let c = p + -37. Suppose 3*l = -5*u + 75, -2*u + 0*u = -c*l - 9. What is the remainder when 71 is divided by u?
11
Let u(b) = -b**2 + 23*b + 27. Calculate the remainder when u(15) is divided by 25.
22
Suppose -4*f + 8 = 0, -5 = 7*r - 6*r - 4*f. Suppose -h + k + 46 = -0*k, 156 = r*h + 3*k. What is the remainder when h is divided by 13?
10
Let g(y) = y**2 - 14*y - 16. Let t be g(12). Let m = t + 67. What is the remainder when m is divided by 15?
12
Let o(q) = 2*q**2 - 5*q - 8. Let h be o(5). Suppose h*d - 4*d = 1027. Suppose 0 = 2*l - 2, -2*i + 35 = 4*l - 1. Calculate the remainder when d is divided by i.
15
Suppose 0*p - 216 = -4*p. Suppose -2*c + 44 = h, -2*c - 3*h = -7*h - p. Let w = -4331 + 4339. What is the remainder when c is divided by w?
7
Suppose -5*d = 3*x + 104, -d = -0*d + 3*x + 16. Let f = -18 - d. Suppose 5*b = f*b + 7. Calculate the remainder when 11 is divided by b.
4
Suppose 2*k = 145 - 145. Suppose -3*c - 9 = k, -n + 5 = 5*c - 1. Calculate the remainder when 98 is divided by n.
14
Suppose 7*p - 12*p = -90. Let d = p - 16. What is the remainder when 10 is divided by d?
0
Calculate the remainder when 60 is divided by 1/(-1 - (-530)/175 - 2).
25
Let z = 49 + -25. Let c(t) = 16*t**3 - 2*t**2 - 2*t + 2. What is the remainder when c(2) is divided by z?
22
Let p = 11 + 22. Suppose -4*h + p = -h. Calculate the remainder when (96/(-15))/4*-20 is divided by h.
10
Let a(i) = 15*i**2 - i. Let j be a(1). Let k be ((-24)/14)/(2/j). Let b = k + 35. What is the remainder when 45 is divided by b?
22
What is the remainder when -49 + 579 + 16/(-2) is divided by 21?
18
Let o = -90 - -195. Calculate the remainder when o is divided by 53.
52
Suppose 3*j - 5*l + 6 = -2, j + 4 = 3*l. Let r(t) = -72*t**3 + 2*t**2 + t. Calculate the remainder when r(j) is divided by 19.
16
Suppose -2*g - 6 = -0. Let u = g + 15. What is the remainder when (-4)/(-5)*170/4 is divided by u?
10
Let n = -2090 + 2247. What is the remainder when 627 is divided by n?
156
Let v(s) = -4*s**3 - 7*s**2 + 22*s + 14. What is the remainder when 73 is divided by v(-4)?
3
What is the remainder when 86 is divided by (-7*1 + 2)*(-78 + 77)?
1
Let o = -320 + 323. What is the remainder when 12 is divided by o?
0
What is the remainder when (-404)/(-2) + (1 - (5 + 1)) is divided by 72?
53
Let h(m) = -19*m - 179. Calculate the remainder when 155 is divided by h(-14).
68
Let g(y) = y**2 - 19*y. Suppose 5*k - 26 - 44 = -4*r, 3*r - 56 = -2*k. Calculate the remainder when 96 is divided by g(r).
16
Calculate the remainder when 113 is divided by 52 + -6 - (-13 + 7).
9
Suppose 0 = 39*b - 28*b - 990. Calculate the remainder when b is divided by 33.
24
Let d = 154 + 441. What is the remainder when d is divided by 46?
43
Let i = -81 - -90. Let c = 35 - 0. Calculate the remainder when c is divided by i.
8
Suppose -3*k + k = 5*u - 43, -4*u + 34 = 2*k. What is the remainder when 76 is divided by (u - -23) + -5 + 1?
20
Let a = 1 - -1. Let s = a - -71. Suppose -5*u - z + 91 = 0, 5 + 10 = u + z. Calculate the remainder when s is divided by u.
16
Suppose -15 = -3*d, -2*h + 332 = 4*d - 6*d. What is the remainder when h is divided by 20?
11
Let v(w) = -w**3 - 10*w**2 - 13*w - 21. Suppose 2*m = 2*l - 3*l + 14, -l = -2*m + 2. Let h = l - 2. What is the remainder when v(-9) is divided by h?
3
Let b be 0 - 1 - (-5)/1. Suppose 3*f - 28 = -b*n - f, 2*f - 4 = 3*n. Let s(y) = y**3 - y**2 + y + 2. Calculate the remainder when 23 is divided by s(n).
7
Suppose -7*d + 490 = 7*d. Let l = 52 - d. Calculate the remainder when 39 is divided by l.
5
Calculate the remainder when 26 is divided by (0 + (3 - 12))*(-13)/13.
8
Let v(s) = 25*s + 101. Calculate the remainder when 2243 is divided by v(-2).
50
Let q(p) = -p**3 + 5*p**2 - 5*p + 4. Let x = 10 - -5. Suppose 4*t - x = -t. Calculate the remainder when 10 is divided by q(t).
3
Suppose 12*k + 5*k = 0. Calculate the remainder when ((k - 1) + -194)*(-152)/190 is divided by 40.
36
Let o(y) = 3*y + 18. Let x be o(-6). Suppose x = -7*d + 6*d + 7. Suppose 157 = 13*a + 14. What is the remainder when a is divided by d?
4
Suppose c = -0 + 4. Suppose -c*o + 123 = 23. What is the remainder when (111/(-2))/((-57)/76) is divided by o?
24
Suppose 3*x - u - 26 = 0, 5*x + 5*u - 42 - 8 = 0. Suppose 0 = -q + 2*q - x. Calculate the remainder when 24 is divided by q.
6
Let a(v) = -v - 1. Let g = -25 - -38. Let l be (-2)/13 - 89/g. Calculate the remainder when 23 is divided by a(l).
5
Calculate the remainder when -31 + 30 + 53*1 is divided by 20 - (1 + (1 - 2)).
12
Suppose -247 = -2*p + k, -645 = 2*p - 7*p - 3*k. What is the remainder when p is divided by (-1 - -34)*(272/(-48) - -7)?
38
Suppose -5*x + 190 = 4*u, -4*x + 233 = u + 4*u. Let v = u + -26. What is the remainder when v is divided by 8?
3
Let w(f) = f**2 - 25*f + 157. What is the remainder when w(16) is divided by 8?
5
Let k be -4*4/(-16) + (48 - -7). Let w = -50 - -17. Let z = w + k. Calculate the remainder when 91 is divided by z.
22
Calculate the remainder when 146 is divided by (-60)/(-9)*(-6 + (-84)/(-8)).
26
Suppose 0 = -10*z + 5*z - 5*c - 80, -3*z = -4*c + 76. What is the remainder when 78 is divided by (z/(-6))/((-4)/(-48))?
38
Let c(u) be the second derivative of 0 + u + 7/6*u**3 + 0*u**2. Calculate the remainder when 41 is divided by c(3).
20
Let m = -1710 + 1760. What is the remainder when m is divided by 25?
0
Suppose -18*x + 131 = -17*x - 5*b, 2*b = -x + 110. Calculate the remainder when x is divided by 36.
8
Calculate the remainder when 51 is divided by 2/(4 + 1 - 306/62).
20
Let u = -4 - -7. Suppose -3*f + 6 = b - 2*f, 2*f = 8. Suppose b*j - 5*t = 16, -5*t + t + 8 = j. What is the remainder when j is divided by u?
2
Suppose q + y = -3, q - y + 3 = 2. What is the remainder when 3/q*(-136)/6 is divided by (126/105)/((-3)/(-30))?
10
Suppose -10*o - 282 = -922. What is the remainder when o is divided by 11?
9
Let m(q) = -16*q + 1. Let w be m(-3). Let s = w - 22. Calculate the remainder when s is divided by 15.
12
Let x(v) = v + 5. Let h be x(-9). What is the remainder when (-9)/6 + (-106)/h is divided by 10?
5
Let o(k) = -3*k**3 - 2*k**2 + 2*k. Suppose 3*j - 117 - 1 = -5*r, -2*r + 176 = 4*j. Calculate the remainder when j is divided by o(-2).
10
Suppose -24*w = -23*w. Suppose w = -3*g - 25 + 130. What is the remainder when g is divided by 1/(-4) - 49/(-4)?
11
Let r be (2/(-4))/((-8)/64). Let u be (-1)/(((-8)/26)/r). Let z = u + -2. What is the remainder when 42 is divided by z?
9
Let o = 60 - -18. Calculate the remainder when o is divided by 20.
18
Suppose m = -0*m, 5*m = -2*p + 28. Suppose 4*x = 2*g - 4 - 8, x = -5*g - p. Calculate the remainder when 14 is divided by ((-50)/x)/5*2.
4
Let l = 20 + 113. What is the remainder when l is divided by 69?
64
Let w(j) = 3*j + 9. Suppose a + 2 = 7. Let k be w(a). Let h = 66 - k. Calculate the remainder when h is divided by 11.
9
Suppose -2*v - 3 = -1. Calculate the remainder when (-3 + 0 + 1)*v is divided by 3*((-16)/(-30) + (-2)/10).
0
Let b(k) = -12*k**3 - 4*k**2 - 11*k - 21. Calculate the remainder when b(-3) is divided by 17.
11
Suppose -a = 2*f + 27 - 98, -f = -2*a - 28. Calculate the remainder when 338 is divided by f.
32
Let k(w) = -w**2 + 11*w - 13. Let b be k(9). Suppose 7*m - 4*m = 4*r + 57, -b*m + 95 = 4*r. What is the remainder when m is divided by 10?
9
Suppose -2*z + 5*h - 27 = -24, 4*z - 15 = 3*h. Calculate the remainder when (2 + (-32)/3)*-3 is divided by z.
2
Suppose 3*f + 8 = -2*y, -6*f + 2*y = -f + 8. Calculate the remainder when ((-4)/(-6))/(f/(-90)) is divided by 3.
0
Let p = -106 - -144. Calculate the remainder when p is divided by 18 - 3 - (1 + 0).
10
Let t(r) = 4*r**2 - 85*r + 119. Calculate the remainder when 46 is divided by t(20).
8
Calculate the remainder when 5 - (82/(-123))/(4/606) is divided by 22.
18
Let a = 1511 - 1381. Calculate the remainder when a is divided by 17.
11
Suppose -4*m + 106 + 322 = 